*k**4/4 + k**3/3 - k - 2. Let t(j) = -j**3 - 3*j**2 + 4*j - 1. Let d be t(-4). Calculate q(d).
-19
Let n(p) = -p**2 - 2*p + 1. Let v(h) = 6*h**2 + 4*h - 13. Let z(f) = -5*n(f) - v(f). Determine z(6).
8
Suppose -3*p - 3*f = 21, 3*f + f = -2*p - 20. Let x(q) = -q**3 - 5*q**2 + q + 2. Calculate x(p).
-18
Let f be (-8)/(-48)*36/1. Let v(i) = 15 - 1 - 1 - i. Give v(f).
7
Let z(g) = g**3 + 5*g**2 + 2. Let m(y) = 6 + 2*y**2 - 3 - 6*y - y**2 + 0*y**2. Let p be m(6). Let q be 3 + (-7 - -2) - p. Give z(q).
2
Let z(s) = 5*s**2 + 2*s + 1. Let b be z(-1). Let i(g) = g + 1. Determine i(b).
5
Let o(n) = -n + 5. Let g = 122 + -104. Suppose v - 4*b = g, -10 = -4*v + v + b. Calculate o(v).
3
Let m(z) be the third derivative of -z**5/60 + z**4/6 - z**3/6 - 18*z**2. Let p = -8 + 13. Suppose 0*b + p*b = g - 23, 2*g + 5*b = -14. Give m(g).
2
Let m be (-2)/(-10) - (-205)/(-25). Let f be (-28)/m*(-16)/(-14). Let h(w) = -1 - 6*w + 2*w**2 + f*w + 3*w + 2. What is h(-2)?
7
Let x(w) = -12*w - 8. Let z(g) = -9*g - 6. Let t(j) = 2*x(j) - 3*z(j). Determine t(-2).
-4
Let q(o) = -8*o. Let h be q(-2). Let v = -14 + h. Let w(k) = -6*k**v - k + 7*k**2 + 3*k. Calculate w(-4).
8
Let a(l) = -l**3 - 3*l**2 - 2*l + 1. Let w(s) = -3*s + 113. Let m be w(39). What is a(m)?
25
Let m(h) be the first derivative of -h**3/3 + 5*h**2/2 + 3*h - 1. Suppose -595*q + 10 = -593*q. Calculate m(q).
3
Let a(n) = n**3 + 3*n**2 - 4*n + 5. Let m be a(-4). Suppose -m*z + 2*z - 54 = 0. Let b = z - -12. Let x(l) = -l**2 - 6*l + 5. Calculate x(b).
5
Let j = -92 - -87. Let l(y) = y**3 + 4*y**2 - 5*y - 2. Let n be l(j). Let k(p) = p**2 - 2*p. Determine k(n).
8
Let s(r) be the first derivative of r**4/4 + 2*r**3 - 3*r**2 - 6*r + 32. Determine s(-7).
-13
Let f(y) be the third derivative of 5*y**4/24 + 5*y**3/2 - 189*y**2. Calculate f(-6).
-15
Let d(g) be the first derivative of -4*g**3/3 + g**2 - 3*g + 3. Let i(h) = h**2 + 10*h + 2. Let j be i(0). Give d(j).
-15
Let n be (435/(-85) - -5) + 302/(-34). Let f = -18 - n. Let l(r) = r**3 + 9*r**2 + 2*r + 13. Determine l(f).
-5
Let m = -42 + 95. Let n = -63 + m. Let h(j) = 2*j + 12. What is h(n)?
-8
Let m(n) = -n**2 + 2*n. Let g(c) = -2*c**2 + 7*c + 32. Let s(w) = g(w) - 3*m(w). Determine s(0).
32
Let g(i) = i**3 - i + 4. Let j be g(0). Suppose 0 = -q - j*q - 105. Let p = q + 21. Let k(w) = w**2 - w - 8. Give k(p).
-8
Let l = -53 - -55. Let r(d) = 0*d + 5*d + 2 + 1200*d**2 - 1201*d**l. What is r(5)?
2
Let c(i) = 4*i**2 + 1. Let v be 2/(-3) + (-20)/(-12). Suppose -3*k - v = -2*k. Calculate c(k).
5
Let z be 5 + -4 + (0 + 4)*-2. Let p(y) = 8*y - 8. Let u(k) = -7*k + 8. Let l(m) = z*u(m) - 6*p(m). Calculate l(6).
-2
Let n(j) = -2*j**2 - 18*j - 21. Let a be n(-8). Suppose 5*i - 3 = -2*m + 16, -2*i - 2*m + 4 = 0. Let b be (-8 - 20/a) + i. Let y(s) = -14*s**2. What is y(b)?
-14
Let r(q) = -7*q**2 + 11 - 6*q + 4 - 22 - q**3. What is r(-6)?
-7
Let r be 4 + (-136)/40 + 2/5. Let f(i) = 8*i**2 + i - 2. Give f(r).
7
Let o(a) = -a**2 - 9*a + 8. Let s(t) = -2*t**2 - 18*t + 17. Let v(w) = 11*o(w) - 6*s(w). Give v(-10).
-4
Let u(s) = -s**2 + 5*s - 11. Suppose -2*i + 13 = 5*m, 7*i = 8*i + 2*m - 6. Let t(o) = o**2 - 4*o + 10. Let f(r) = i*u(r) + 3*t(r). Calculate f(6).
-2
Let w(l) be the first derivative of -l**3/3 + l**2/2 + 16*l + 16. Let g = -275 - -275. What is w(g)?
16
Let p(w) = -7*w + 5. Let c(t) = t + 1. Let b(l) = 4*c(l) - p(l). Let v = 17 - 10. Suppose -4*d - v = -3*o, -3 = -4*d - 5*o - 2. Calculate b(d).
-12
Let h(l) = -6*l**3 - 13*l**2 - 4*l - 12. Let o(t) = 5*t**3 + 12*t**2 + 3*t + 11. Let v(x) = 6*h(x) + 7*o(x). What is v(5)?
15
Suppose 0 = -3*t + 3 + 6. Let x(i) = i**t + 7 + 0*i**3 - 9 - 2*i**2 + 3*i. Suppose 4*o = -17 + 25. Give x(o).
4
Suppose 0 = 3*s + 2*s + 40. Let v = 9 + s. Let n(k) = v - 1 + k**2 + 2 - k. What is n(0)?
2
Let u(x) be the first derivative of -x**3 - x**2 - 2*x - 71. Give u(-2).
-10
Let y(k) = -k**3 - 4*k**2 - 4*k + 2. Suppose -22 = 5*j + 2*m, -5*m - 15 + 22 = -3*j. What is y(j)?
18
Let v(r) be the first derivative of r**4/4 + 5*r**3/3 - r**2 - 7*r + 4. Give v(-5).
3
Let i(v) = -6*v + 1. Let n be (-4)/(-10)*(30 + -5). Suppose -5*x = 2*o - 15, x - 4*o - n = 3*x. Suppose 4 = -d + 2*k + x, 0 = d - k. What is i(d)?
7
Let v(x) = -3*x - 7. Let z = -683 - -678. Give v(z).
8
Let n(b) be the first derivative of 5 + 1/2*b**2 - 6*b. Calculate n(5).
-1
Let z(m) = m + 17. Let f = -66 - -54. Determine z(f).
5
Let r(i) = i**3 + 5*i**2 + 4*i - 5. Let l(v) = 6*v - 14. Let c be l(9). Suppose 3*n + 5*h + 28 = n, 5*n + 5*h = -c. What is r(n)?
-5
Let v(w) = -w**2 - 3*w - 4. Let x(y) be the third derivative of -y**5/60 - y**4/12 - y**3/6 - 31*y**2. Let s(u) = -v(u) + 2*x(u). What is s(2)?
-4
Suppose 0 = -4*t, -3*i - t = -7*i + 24. Suppose 9*o - 15 = i*o. Let b(s) = s - 5. Give b(o).
0
Let p(b) = -3*b**3 - 19*b**2 - 6*b + 1. Suppose -2*v = -6*v - 24. Give p(v).
1
Let d = -330 - -231. Let g = 96 + d. Let f(s) = s**2 + s - 1. Give f(g).
5
Let n(k) = -k - 6. Let v(o) = 10*o - 14. Let m be v(2). Suppose 2*h = -6, 0 = 3*u + m*h - 4*h + 21. What is n(u)?
-1
Let l(s) = -s**3 - 12*s**2 - s - 12. Let b = -40 + 28. Let c be l(b). Let i(u) = -u + 1. Let h(n) = 4. Let p(q) = -h(q) + i(q). Determine p(c).
-3
Let s(q) = q**2 + 10*q + 10. Let l = 58 - 53. Suppose l*f = 11*f + 48. Give s(f).
-6
Suppose 4*i = g - 3, 4*g = -i - g + 15. Suppose i = 5*c, j - 30 = -0*j - 3*c. Suppose 19 = 4*d + 5*n - j, -4*n = -20. Let m(a) = a**2 - 4*a - 7. Give m(d).
5
Let g(w) = w**3 + w**2 - 2. Let c(r) = -17 + 8*r - 3*r - 13*r - r**2. Let x be c(-5). Calculate g(x).
-6
Suppose 17*j = 12*j - 3*x + 8, j = -4*x + 5. Let n(z) = 0*z**2 + 12*z**3 + z**3 + 1 - z**2. Determine n(j).
13
Let t = 12 - 1. Let n = 24 - 21. Suppose 4*o = 3*o - n*l, -3*o - t = -2*l. Let h(p) = -2*p - 2. Give h(o).
4
Suppose 440 + 200 = 32*b. Let m(s) = s + 4. Give m(b).
24
Let o(q) be the second derivative of -3*q**3/2 - 13*q**2/2 - 5*q. Let y(l) = 5*l + 7. Let z(n) = -4*o(n) - 7*y(n). Determine z(-3).
0
Let z = -4 + -3. Let n(f) = -f**3 - 6*f**2 + 5*f - 4. Give n(z).
10
Let u(q) = -q + 4. Suppose -2*i - 22 = -14, 5*j - 4*i + 14 = 0. What is u(j)?
10
Let s(r) = -r**3 - 31*r**2 + 574*r + 85. Let j be s(-44). Let p(w) = -3 - 4 + 5 + 3*w. Calculate p(j).
-11
Suppose -5*n = 24 - 9. Let d(t) be the third derivative of 0*t**3 + 0*t + 0 + 1/24*t**4 - 9*t**2. Give d(n).
-3
Let w(q) = q**2 + 4*q - 8. Let i be (0 - -4 - 10) + 1. Calculate w(i).
-3
Let t(s) = s**3 + 7*s**2 + 5*s. Let u = -1107 + 1103. What is t(u)?
28
Let s be -8 - 3/(-2)*2. Let m(q) be the third derivative of -1/120*q**6 + 0*q**3 + 6*q**2 + 0*q + 0 + 1/6*q**4 - 1/15*q**5. Determine m(s).
5
Let r(k) = -k + 13. Suppose -4*j = 3*d + 2, 7 + 24 = d - 5*j. What is r(d)?
7
Let v(q) = -3*q + 9. Let h be 444/45 - (-18)/135. Determine v(h).
-21
Let m(x) be the third derivative of -x**6/360 - x**5/20 - 5*x**4/24 + 10*x**3/3 - 26*x**2. Let q(p) be the first derivative of m(p). Calculate q(-7).
-12
Let k(d) = 7*d**2 + 85*d + 10. Let c be k(-12). Let w(j) = 14*j + 1. Give w(c).
-27
Suppose 8*q + 5*q = -78. Let s(o) = -6*o**2 - 6 - 45*o**3 + 14*o**3 + 10*o**3 + 20*o**3. Calculate s(q).
-6
Let b(g) be the third derivative of -g**6/120 + 7*g**5/60 - 3*g**4/8 + 4*g**3/3 - 3*g**2. Let p be ((-4)/(-3))/((-4)/(-18)). Give b(p).
-10
Let q(k) = -k**2 + 13*k + 16. Let o be q(14). Let l(p) = p + 2. Determine l(o).
4
Suppose 3*j = 38 + 22. Suppose v = u - 4*v + j, -3*u - 6 = 3*v. Let h(w) be the first derivative of -w**3/3 - 5*w**2/2 - w - 2. Determine h(u).
-1
Let p be 10/45 - (-301)/63. Let s(n) = n**3 - 5*n**2 + n + 1. Calculate s(p).
6
Let s(b) = -14*b**2 + 2*b - 1. Let u(q) = q + 12. Let c be u(10). Let n = -21 + c. Determine s(n).
-13
Let z be (-13 + -1)*294/(-12). Let k(h) = -345 + 3*h + z - 6*h. Let i be 8/10*(-10)/(-4). Calculate k(i).
-8
Let y(f) be the second derivative of f**4/12 + f**3/6 - f**2 + 550*f. Give y(-2).
0
Let u(n) = 21*n + 1710*n**3 - 2*n**2 + 23 - 1709*n**3 + 23*n**2. What is u(-20)?
3
Let v(m) = -13*m + 155. Let p be v(11). Let k(t) = 2*t - 16. Calculate k(p).
8
Let q(h) = -2*h - 8. Suppose 7 = 2*s + j, -3*j - j - 17 = -s. Let r = 0 - -2. Suppose 10 = -2*i - r*l, 4*l - 23 = s*i + 20. Give q(i).
6
Suppose -2*j = 2*h - 16, 2*h = 4*j + 2 - 4. Let i(l) = 3*l - l**j + 34 + 2*l +